is -100111111000100110 (base 2) in base 4?
-213320212
-608001 (base 13) to base 7
-25041111
-368432 (base 9) to base 3
-102022111002
Convert -46508 (base 10) to base 8.
-132654
What is ab1ca7 (base 16) in base 6?
1040204343
Convert -271814 (base 12) to base 15.
-cb4c7
What is -89676 (base 13) in base 10?
-249372
1b9441 (base 15) to base 11
840509
Convert 11a79 (base 15) to base 14.
16780
What is 7b8b0 (base 12) in base 6?
3313540
What is 257450 (base 11) in base 12?
176577
Convert -44123120 (base 6) to base 4.
-11001220320
Convert -3107170 (base 9) to base 8.
-6247373
What is -10321213302 (base 5) in base 7?
-163330132
Convert 10151101 (base 6) to base 10.
294445
Convert -11013505 (base 6) to base 15.
-675eb
Convert 4515616 (base 11) to base 5.
4011213123
-34506665 (base 7) to base 14
-58b535
What is 31263645 (base 7) in base 16?
283f56
What is 1001111110011111110110 (base 2) in base 3?
11220212111110
246b4 (base 16) to base 5
14233142
-3004143330 (base 5) to base 6
-331020141
What is -202300211 (base 4) in base 15?
-2c2b8
What is 1781018 (base 10) in base 5?
423443033
What is -3db4c3 (base 15) in base 3?
-12121010012010
What is 2444424 (base 5) in base 3?
2101021201
Convert 22322100 (base 4) to base 2.
1010111010010000
-44ad1a (base 14) to base 10
-2334972
4224514 (base 6) to base 2
110010001111111110
Convert 1031010320 (base 4) to base 5.
40100304
Convert -1259943 (base 11) to base 3.
-11002202101010
What is 21001201221 (base 3) in base 9?
231657
Convert -32489 (base 13) to base 2.
-10110001011110010
Convert -7a23 (base 12) to base 4.
-3103323
-1043304324 (base 5) to base 2
-1000110111000000100000
858 (base 11) to base 3
1102012
Convert 134100220 (base 5) to base 7.
5604442
Convert 1193d8 (base 14) to base 3.
1010120101201
-51621 (base 10) to base 15
-10466
Convert 22001000100 (base 3) to base 8.
464772
Convert 134231010 (base 6) to base 4.
22121131032
Convert -1000101010111010101 (base 2) to base 4.
-1011113111
Convert -231313020020 (base 4) to base 12.
-4039408
8909840 (base 10) to base 12
2b981a8
Convert -131001033030 (base 4) to base 16.
-7413cc
Convert 41010214 (base 5) to base 14.
87b85
212112200111 (base 3) to base 16
71236
3310424223 (base 5) to base 9
14356768
What is -100011000111010101100 (base 2) in base 6?
-40355004
-103115 (base 7) to base 6
-214505
-364716 (base 9) to base 15
-452c6
Convert 220120011 (base 3) to base 5.
1033110
-1af7d (base 16) to base 7
-640021
What is -195d89 (base 16) in base 8?
-6256611
-1111100000000011000 (base 2) to base 15
-a076d
What is 435666 (base 7) in base 13?
28a79
-233428 (base 9) to base 12
-69252
What is -a311 (base 12) in base 9?
-26274
-11123331132 (base 4) to base 14
-291594
Convert -411b5 (base 13) to base 7.
-664255
-11032301 (base 4) to base 12
-10495
Convert 489714 (base 11) to base 10.
774173
Convert -111022202012121 (base 3) to base 12.
-2455914
12f4f (base 16) to base 4
102331033
-1758654 (base 11) to base 15
-3de03b
-161443 (base 12) to base 2
-1011011101100110011
Convert -1652371 (base 8) to base 9.
-812114
Convert 133143 (base 16) to base 15.
19ca30
Convert e38002 (base 16) to base 12.
4bb0196
What is 669893 (base 10) in base 13?
1a5bb3
Convert 24c56 (base 14) to base 8.
260174
495597 (base 10) to base 6
14342233
Convert -1a35694 (base 14) to base 15.
-12281d5
Convert -2041012432 (base 5) to base 6.
-230440103
-552644 (base 7) to base 2
-10111101100011100
Convert 11023352 (base 7) to base 15.
13a9c2
What is -2101001000010 (base 3) in base 5?
-310313234
What is -2020202 (base 4) in base 2?
-10001000100010
What is -12464277 (base 8) in base 7?
-32423665
10173708 (base 9) to base 7
56366423
What is -1100111102220 (base 3) in base 15?
-e2cc6
4507671 (base 10) to base 4
101030200113
What is 3604d (base 14) in base 5?
13204111
200200233120 (base 4) to base 9
17028860
What is -13130ca (base 13) in base 9?
-12217476
-11120001110210 (base 3) to base 15
-32c9c3
Convert -203202320 (base 4) to base 7.
-1144316
What is -10220211212121 (base 3) in base 12?
-8457ba
Convert -227393 (base 10) to base 12.
-ab715
Convert 12828002 (base 9) to base 3.
102220222000002
-2169 (base 16) to base 15
-2803
-98b875 (base 16) to base 2
-100110001011100001110101
Convert 2b485 (base 12) to base 5.
3424112
545a6c (base 16) to base 10
5528172
Convert -413604 (base 8) to base 16.
-21784
What is 473197 (base 11) in base 15?
ec75b
Convert 102120112221 (base 4) to base 8.
22302651
2ce09 (base 16) to base 14
4adbb
Convert 145667 (base 12) to base 16.
5356f
Convert 2430562 (base 12) to base 3.
111020011202102
What is -a93740 (base 11) in base 6?
-101240415
b616 (base 13) to base 10
25200
What is -1a0382 (base 16) in base 2?
-110100000001110000010
-38744 (base 15) to base 10
-180514
What is -20132323221 (base 4) in base 6?
-115355333
What is -30130303030 (base 4) in base 11?
-192a073
Convert 14341565 (base 7) to base 15.
1bb64e
Convert 31153241 (base 6) to base 2.
11011100000101011001
What is -24374530 (base 8) in base 14?
-9dbb60
Convert -f490 (base 16) to base 9.
-104784
What is 3407634 (base 8) in base 5?
213442000
Convert 4560475 (base 10) to base 13.
c38a0a
-96ba7c (base 13) to base 14
-6819d1
What is 77210 (base 12) in base 9?
260103
Convert -12112010212010 (base 3) to base 2.
-1011001100101100011010
Convert -1545536 (base 7) to base 5.
-23311100
-1100010100000000011 (base 2) to base 8
-1424003
Convert 431122443 (base 6) to base 3.
112022221001100
11a4598 (base 11) to base 14
3c3c0a
What is 13c2b (base 15) in base 5?
4012431
What is -11221222202 (base 3) in base 6?
-2032115
Convert 38b8a3 (base 12) to base 2.
11100011101100111011
10110110010100 (base 2) to base 8
26624
What is -a108a6 (base 13) in base 12?
-13060ab
41754500 (base 8) to base 9
17668525
What is 4a1740b (base 12) in base 4?
313023222023
What is -1101100010010 (base 2) in base 9?
-10450
6a265 (base 16) to base 11
277733
Convert 6a347 (base 13) to base 12.
94266
What is -13714004 (base 9) in base 2?
-11001111100001011110100
What is -413511 (base 6) in base 7?
-165616
What is 3410254 (base 6) in base 4?
222012322
-122313033 (base 4) to base 5
-12010111
100110100100110001 (base 2) to base 13
56bbc
What is -530330 (base 9) in base 16?
-4cf3e
3146b (base 13) to base 11
60667
Convert -478583 (base 9) to base 3.
-112122122210
Convert -2259098 (base 11) to base 8.
-17043663
What is 320102102 (base 4) in base 14?
60038
What is 3314210 (base 5) in base 2?
1110000001010110
What is 2146201 (base 7) in base 9?
441854
Convert -eba033 (base 15) to base 7.
-164245656
What is -2448ae (base 16) in base 13?
-653457
-d51292 (base 15) to base 3
-201001121022202
What is -dceb6 (base 15) in base 16?
-ab5fa
-1880736 (base 9) to base 10
-1056921
Convert -8a113 (base 12) to base 7.
-1362324
Convert -5c3a86 (base 13) to base 11.
-1278659
Convert 113444 (base 9) to base 4.
100221001
What is -1133112044 (base 5) in base 8?
-12016640
-2002221 (base 4) to base 5
-231421
What is -351168 (base 10) in base 13?
-c3abc
Convert -1101101101110001 (base 2) to base 3.
-2212001122
-17301 (base 14) to base 10
-58213
10222325 (base 6) to base 5
34024022
Convert -12331035 (base 9) to base 8.
-27033462
1acdb (base 15) to base 9
142648
Convert 121991 (base 11) to base 2.
101111000101010101
Convert -8a394 (base 11) to base 14.
-359c4
What is 33317 (base 10) in base 12?
17345
Convert 124042432 (base 5) to base 9.
1132748
331104320 (base 5) to base 14
291757
What is -98443 (base 14) in base 15?
-742e4
Convert -20401414 (base 5) to base 3.
-22120210200
-14230044 (base 5) to base 7
-1156513
Convert -1144350 (base 8) to base 12.
-131574
Convert -2376b2a (base 12) to base 4.
-122032213102
e9d4a (base 15) to base 13
1cca32
Convert -332213200222 (base 4) to base 15.
-1693977
What is -13440334 (base 5) in base 3?
-21010011200
Convert -1836c (base 16) to base 5.
-11133210
What is 1555023 (base 8) in base 12?
197a43
Convert d7728 (base 15) to base 8.
2466543
11300021 (base 4) to base 3
1012022122
What is 42c42d (base 15) in base 11?
1882365
26503657 (base 8) to base 11
3392594
Convert 141045 (base 12) to base 5.
41133212
1cece9 (base 16) to base 2
111001110110011101001
What is -153494 (base 13) in base 11?
-326889
-2323102 (base 6) to base 14
-319b8
What is 303533 (base 7) in base 5?
3123334
Convert -110